 of 1097577?
7
What is the ten thousands digit of 64013?
6
What is the ten thousands digit of 1133824?
3
What is the hundred thousands digit of 3266256?
2
What is the hundreds digit of 884768?
7
What is the hundred thousands digit of 111253?
1
What is the tens digit of 3456173?
7
What is the thousands digit of 139976?
9
What is the thousands digit of 1540873?
0
What is the units digit of 157183?
3
What is the units digit of 1420178?
8
What is the ten millions digit of 16951369?
1
What is the hundred thousands digit of 402304?
4
What is the thousands digit of 704511?
4
What is the ten thousands digit of 510008?
1
What is the millions digit of 22372774?
2
What is the hundreds digit of 1591690?
6
What is the ten thousands digit of 6793409?
9
What is the tens digit of 80700?
0
What is the hundreds digit of 2373347?
3
What is the thousands digit of 283230?
3
What is the hundreds digit of 219488?
4
What is the millions digit of 11936873?
1
What is the units digit of 1272060?
0
What is the tens digit of 560688?
8
What is the ten thousands digit of 112912?
1
What is the tens digit of 5053607?
0
What is the ten thousands digit of 912010?
1
What is the units digit of 11105448?
8
What is the units digit of 1800242?
2
What is the units digit of 11282251?
1
What is the tens digit of 6292025?
2
What is the thousands digit of 173497?
3
What is the ten thousands digit of 3900558?
0
What is the units digit of 4573119?
9
What is the thousands digit of 10636?
0
What is the tens digit of 775529?
2
What is the hundreds digit of 34690?
6
What is the thousands digit of 790452?
0
What is the thousands digit of 53207?
3
What is the ten thousands digit of 3010022?
1
What is the tens digit of 243019?
1
What is the ten thousands digit of 795349?
9
What is the hundreds digit of 5064656?
6
What is the thousands digit of 438296?
8
What is the tens digit of 8497888?
8
What is the hundreds digit of 190980?
9
What is the units digit of 21490599?
9
What is the units digit of 2912455?
5
What is the hundreds digit of 5759185?
1
What is the hundreds digit of 2824906?
9
What is the ten thousands digit of 453845?
5
What is the tens digit of 663848?
4
What is the hundred thousands digit of 138806?
1
What is the ten thousands digit of 7726826?
2
What is the tens digit of 5924860?
6
What is the tens digit of 857740?
4
What is the hundreds digit of 79965?
9
What is the units digit of 131087?
7
What is the units digit of 9966318?
8
What is the thousands digit of 3662976?
2
What is the hundred thousands digit of 30287170?
2
What is the millions digit of 11757840?
1
What is the ten thousands digit of 2372342?
7
What is the millions digit of 22247676?
2
What is the units digit of 26525100?
0
What is the thousands digit of 815043?
5
What is the hundred thousands digit of 1675551?
6
What is the hundreds digit of 260158?
1
What is the thousands digit of 14012731?
2
What is the thousands digit of 949213?
9
What is the millions digit of 11288021?
1
What is the thousands digit of 682273?
2
What is the ten thousands digit of 1923830?
2
What is the thousands digit of 1151250?
1
What is the hundred thousands digit of 590834?
5
What is the thousands digit of 332111?
2
What is the tens digit of 8803987?
8
What is the hundreds digit of 251739?
7
What is the tens digit of 1753789?
8
What is the ten thousands digit of 181601?
8
What is the hundred thousands digit of 11742532?
7
What is the thousands digit of 245038?
5
What is the hundreds digit of 12717677?
6
What is the tens digit of 2971095?
9
What is the tens digit of 9680523?
2
What is the thousands digit of 1183355?
3
What is the thousands digit of 188516?
8
What is the hundred thousands digit of 6701699?
7
What is the tens digit of 1575351?
5
What is the tens digit of 1902762?
6
What is the units digit of 90122?
2
What is the millions digit of 1407050?
1
What is the ten thousands digit of 84785?
8
What is the ten thousands digit of 853021?
5
What is the hundred thousands digit of 3786990?
7
What is the thousands digit of 193079?
3
What is the ten thousands digit of 454571?
5
What is the tens digit of 2114685?
8
What is the hundreds digit of 520290?
2
What is the tens digit of 713521?
2
What is the hundreds digit of 29492?
4
What is the hundred thousands digit of 168659?
1
What is the units digit of 123464?
4
What is the hundred thousands digit of 611020?
6
What is the hundreds digit of 472600?
6
What is the ten thousands digit of 15322?
1
What is the ten millions digit of 16864181?
1
What is the thousands digit of 79463?
9
What is the hundred thousands digit of 384571?
3
What is the millions digit of 21582723?
1
What is the tens digit of 1094956?
5
What is the hundred thousands digit of 1867323?
8
What is the tens digit of 6572474?
7
What is the hundred thousands digit of 441581?
4
What is the millions digit of 1082489?
1
What is the hundred thousands digit of 29237535?
2
What is the millions digit of 19629253?
9
What is the ten thousands digit of 126796?
2
What is the hundred thousands digit of 295324?
2
What is the hundred thousands digit of 719605?
7
What is the hundreds digit of 22725415?
4
What is the thousands digit of 9640259?
0
What is the hundreds digit of 212626?
6
What is the thousands digit of 2587713?
7
What is the ten millions digit of 12452134?
1
What is the hundred thousands digit of 2485671?
4
What is the ten thousands digit of 46487?
4
What is the hundreds digit of 241477?
4
What is the thousands digit of 197391?
7
What is the thousands digit of 88225?
8
What is the tens digit of 194782?
8
What is the hundred thousands digit of 3722074?
7
What is the hundreds digit of 1952826?
8
What is the ten thousands digit of 25318?
2
What is the hundreds digit of 6559488?
4
What is the tens digit of 1021023?
2
What is the millions digit of 1846615?
1
What is the hundreds digit of 103280?
2
What is the millions digit of 2631957?
2
What is the millions digit of 21926542?
1
What is the hundreds digit of 23268429?
4
What is the thousands digit of 32362292?
2
What is the ten thousands digit of 807682?
0
What is the tens digit of 1964593?
9
What is the units digit of 6947385?
5
What is the hundreds digit of 42348408?
4
What is the ten thousands digit of 3827856?
2
What is the units digit of 19221339?
9
What is the ten thousands digit of 474758?
7
What is the thousands digit of 705459?
5
What is the thousands digit of 74878?
4
What is the units digit of 146424?
4
What is the units digit of 163114?
4
What is the ten thousands digit of 2055563?
5
What is the ten thousands digit of 25169182?
6
What is the hundreds digit of 2230281?
2
What is the thousands digit of 304890?
4
What is the thousands digit of 6837874?
7
What is the units digit of 61538?
8
What is the hundred thousands digit of 9725424?
7
What is the hundred thousands digit of 237632?
2
What is the hundred thousands digit of 343019?
3
What is the ten thousands digit of 666232?
6
What is the ten thousands digit of 244315?
4
What is the ten thousands digit of 20330064?
3
What is the thousands digit of 177252?
7
What is the ten thousands digit of 2633789?
3
What is the hundred thousands digit of 7283538?
2
What is the hundred thousands digit of 943908?
9
What is the hundred thousands digit of 17352972?
3
What is the tens digit of 10579923?
2
What is the units digit of 655149?
9
What is the tens digit of 7284447?
4
What is the ten thousands digit of 6382784?
8
What is the millions digit of 15990238?
5
What is the millions digit of 4012330?
4
What is the millions digit of 1308891?
1
What is the hundreds digit of 17756?
7
What is the units digit of 283066?
6
What is the thousands digit of 164560?
4
What is the hundreds digit of 324225?
2
What is the millions digit of 15806088?
5
What is the ten thousands digit of 699141?
9
What is the millions digit of 10438638?
0
What is the tens digit of 12501314?
1
What is the hundreds digit of 481228?
2
What is the ten thousands digit of 1124564?
2
What is the units digit of 2491216?
6
What is the tens digit of 36537?
3
What is the hundreds digit of 10192994?
9
What is the ten thousands digit of 2409189?
0
What is the hundred thousands digit of 9684669?
6
What is the tens digit of 123824?
2
What is the hundreds digit of 2456703?
7
What is the hundred thou